s 4 - -146176?
146180
In base 11, what is -22347 - 11?
-22358
In base 7, what is -130 - -3323?
3163
In base 2, what is 111001110100 - 1000101?
111000101111
In base 2, what is 10101100101 - 1000011101?
1101001000
In base 10, what is -26611 - 4?
-26615
In base 8, what is -125 - 51513?
-51640
In base 15, what is 1d - -9e2?
a10
In base 11, what is -531a + 2?
-5318
In base 14, what is -4 + -149b?
-14a1
In base 5, what is -140 + -23001?
-23141
In base 3, what is -22200212 - 1022?
-22202011
In base 2, what is -10110000 + -10111111010?
-11010101010
In base 6, what is 3415403 - 5?
3415354
In base 14, what is -3b312 - 1?
-3b313
In base 16, what is -2b1 + 65?
-24c
In base 3, what is 11020 - -1000101?
1011121
In base 3, what is -10212002 - 1012?
-10220021
In base 5, what is 10330231 + 10?
10330241
In base 13, what is 914 + 279?
b90
In base 10, what is 140819 + -5?
140814
In base 3, what is -2211222001 - -1?
-2211222000
In base 2, what is -1001100110 - -101101101100?
100100000110
In base 8, what is -256 - 14202?
-14460
In base 15, what is 1251 + 6?
1257
In base 7, what is 25 - 156623?
-156565
In base 4, what is 12021330 - 1132?
12020132
In base 12, what is a2b6 + 5?
a2bb
In base 16, what is -74 - b7b?
-bef
In base 10, what is -5248 + 10?
-5238
In base 15, what is -259d - -15?
-2588
In base 10, what is 24 + 11504?
11528
In base 2, what is 11011001 - -100110000001?
101001011010
In base 7, what is 31215 - 5?
31210
In base 16, what is 0 + 4ad6?
4ad6
In base 16, what is 17163 - 4?
1715f
In base 3, what is -10200 - 1001?
-11201
In base 6, what is -214143 - -5?
-214134
In base 7, what is -35 - 2332?
-2400
In base 8, what is -3462 - 34?
-3516
In base 16, what is 259 - 5?
254
In base 8, what is -2443 + -762?
-3425
In base 4, what is -23 + 31012332?
31012303
In base 9, what is 3132 + 753?
3885
In base 13, what is 97b46 + 4?
97b4a
In base 16, what is -cc + -c28?
-cf4
In base 5, what is 42234340 + -4?
42234331
In base 15, what is 2 + 1b55?
1b57
In base 10, what is 973 + 0?
973
In base 5, what is -143 + 32031?
31333
In base 8, what is -3 - 1552752?
-1552755
In base 6, what is -325450 + 0?
-325450
In base 10, what is 398054 - 2?
398052
In base 3, what is -10012101111102 + 0?
-10012101111102
In base 14, what is -8c7 - -163?
-764
In base 10, what is 3 - -10051?
10054
In base 6, what is 3 - -211023?
211030
In base 4, what is 3 - 2321032?
-2321023
In base 16, what is 2a1 + -616?
-375
In base 6, what is 544 - -1354?
2342
In base 10, what is 0 - -12053?
12053
In base 11, what is 3 + -2920?
-2918
In base 4, what is 12023120 + 11?
12023131
In base 13, what is -c72 + -37b?
-1320
In base 3, what is 11 - 122121212002?
-122121211221
In base 4, what is 30133 - -12?
30211
In base 9, what is -142 + -3611?
-3753
In base 7, what is 34465 + 11?
34506
In base 7, what is -6 + 31663?
31654
In base 3, what is -201210000221 + -11?
-201210001002
In base 14, what is 11d4 - 10?
11c4
In base 15, what is -24 - 897a?
-899e
In base 3, what is -2020012 - 22010?
-2112022
In base 12, what is 4 - -13986b?
139873
In base 8, what is -4 - 1176055?
-1176061
In base 11, what is 1172a - 8?
11722
In base 3, what is 110121221200 + 10?
110121221210
In base 7, what is 4305 + -10?
4265
In base 9, what is -5 - 1506336?
-1506342
In base 11, what is 296a6 + -5?
296a1
In base 11, what is -5 - -23493?
23489
In base 16, what is 1 - b0bec?
-b0beb
In base 5, what is -10314201201 - 0?
-10314201201
In base 6, what is 31 - 5543?
-5512
In base 5, what is 2120 + 3421?
11041
In base 7, what is 2341 - -1?
2342
In base 13, what is -1 - -30124?
30123
In base 10, what is -129 - 317?
-446
In base 8, what is 256143 + -5?
256136
In base 7, what is 25 + 13420?
13445
In base 3, what is 12022 + 10100002?
10112101
In base 13, what is -cca7 - -2?
-cca5
In base 2, what is -1000100110011000 - -1101?
-1000100110001011
In base 4, what is -3132203 - -30?
-3132113
In base 9, what is -625 - -16645?
16020
In base 16, what is 1fe + -38?
1c6
In base 9, what is -110 - -204?
84
In base 4, what is -201 - -10000?
3133
In base 9, what is 71083 + 0?
71083
In base 10, what is -100698 + 0?
-100698
In base 16, what is 31180 + -2?
3117e
In base 13, what is 31 - -1503?
1534
In base 8, what is -336 + 463?
125
In base 2, what is -1101001001101110111011 - -1?
-1101001001101110111010
In base 13, what is -5 + 991c?
9917
In base 11, what is 99834 + -3?
99831
In base 2, what is -10 - 11000011111101000001?
-11000011111101000011
In base 9, what is -636 - 587?
-1334
In base 11, what is -5438 - -32?
-5406
In base 11, what is -342 + 165?
-188
In base 13, what is 2c360 + -7?
2c356
In base 3, what is -21210 + -1102200102?
-1102222012
In base 4, what is 1310 + 1200?
3110
In base 2, what is 1111011 + 110000101?
1000000000
In base 8, what is 21 + -116362?
-116341
In base 13, what is 5 - 59?
-54
In base 8, what is 3 - -33434?
33437
In base 13, what is -28699 + -3?
-2869c
In base 4, what is 3 - -1313021233?
1313021302
In base 13, what is 25 + 13b40?
13b65
In base 2, what is -1010100100100100100 + 100?
-1010100100100100000
In base 6, what is -2133 + 135?
-1554
In base 8, what is 212 - -40?
252
In base 6, what is 3 + 152053?
152100
In base 9, what is -200536 + -2?
-200538
In base 6, what is -204 + -212451?
-213055
In base 4, what is -3003 - -13211?
10202
In base 11, what is 641a0 + -7?
64194
In base 14, what is -1372 + 471?
-d01
In base 8, what is 4213 + -66?
4125
In base 13, what is 2c69 - -5?
2c71
In base 8, what is -405403 - 1?
-405404
In base 3, what is 2021001001 - 1011?
2020222220
In base 16, what is 5 + -1ec5?
-1ec0
In base 7, what is 2 + -1106453?
-1106451
In base 7, what is 5 - 153404?
-153366
In base 9, what is -226 - -36?
-180
In base 15, what is 275714 + 3?
275717
In base 5, what is 31400424 + -4?
31400420
In base 14, what is 309c1 - 0?
309c1
In base 10, what is -248 - 111?
-359
In base 12, what is 149225 - -1?
149226
In base 7, what is 245 - 1565?
-1320
In base 16, what is 2dd + 327?
604
In base 10, what is -232 + 330?
98
In base 7, what is 3 + -4500503?
-4500500
In base 8, what is 1473 + -134?
1337
In base 4, what is -3301332021 - -2?
-3301332013
In base 16, what is -4a7 + 3?
-4a4
In base 8, what is 2 + -512000?
-511776
In base 6, what is -45344 - 33?
-45421
In base 14, what is -2 - 21a8da?
-21a8dc
In base 15, what is 869 + c?
876
In base 5, what is 1010022003 - 2?
1010022001
In base 7, what is -4 + 61242?
61235
In base 14, what is 14cb1 - 5?
14caa
In base 2, what is 0 + 1000100001?
1000100001
In base 9, what is 6 - -3427673?
3427680
In base 12, what is -127010 - 4?
-127014
In base 16, what is 1e + -d7?
-b9
In base 2, what is -1011000110111010000 - -1?
-1011000110111001111
In base 9, what is -122786 + -5?
-122802
In base 12, what is 8 + -186a5?
-18699
In base 14, what is -5cbb + b?
-5cb0
In base 13, what is 0 + -689a?
-689a
In base 7, what is 14 - -20444?
20461
In base 12, what is -4 - -397a6?
397a2
In base 13, what is -12aa - -22b?
-107c
In base 11, what is 0 - 4620?
-4620
In base 9, what is 236 - -88?
335
In base 16, what is 483d + 12?
484f
In base 14, what is a - a59d?
-a593
In base 16, what is -36543 - -6?
-3653d
In base 16, what is d92ec + 3?
d92ef
In base 4, what is 33002111010 - 10?
33002111000
In base 13, what is 7 + 15a0?
15a7
In base 4, what is 10 - -10223023302?
10223023312
In base 2, what is -1000 + -11010111100010110?
-11010111100011110
In base 15, what is 6ca1 - 3a?
6c66
In base 14, what is 20b1 + -499?
1a16
In base 11, what is -2413 - -3?
-2410
In base 5, what is 10 + -1301221?
-1301211
In base 14, what is 10c - -902?
a10
In base 15, what is -19 + 4cb9c?
4cb83
In base 3, what is -202021 - 111000?
-1020021
In base 12, what is 4 - -1984?
1988
In base 8, what is 4 + -474?
-470
In base 16, what is -1443e4 - 0?
-1443e4
In base 14, what is -3 - 12b9?
-12bc
In base 11, what is 11 + 4568?
4579
In base 14, what is 6 - 2847?
-2841
In base 9, what is -1163 - 17?
-1181
In base 7, what is 424336 + 5?
424344
In base 10, what is -1 + 120085?
120084
In base 8, what is 2 + 2334257?
2334261
In base 6, what is 232150 - 11?
232135
In base 12, what is 34a24 - -3b?
34a63
In base 15, what is 228 - -17?
240
In base 8, what is -4761 + 51?
-4710
In base 13, what is -34 - -c?
-25
In base 10, what is -6 - 18281?
-18287
In base 12, what is -4a + -26212?
-26260
In base 7, what